{"id":2152,"date":"2026-03-05T11:36:40","date_gmt":"2026-03-05T09:36:40","guid":{"rendered":"https:\/\/dev.wrkshp.fi\/lahdenpera_soile\/?page_id=2152"},"modified":"2026-03-05T11:36:41","modified_gmt":"2026-03-05T09:36:41","slug":"saavutettavuusseloste","status":"publish","type":"page","link":"https:\/\/actascenica.teak.fi\/lahdenpera_soile\/saavutettavuusseloste\/","title":{"rendered":"Saavutettavuusseloste"},"content":{"rendered":"<p>T&auml;m&auml; saavutettavuusseloste koskee actascenica.teak.fi\/makinen-mirva verkkosivustoa ja on laadittu 5.3.2026.<\/p>\n\n\n\n<h3 class=\"wp-block-heading\">Digipalvelun saavutettavuuden tila<\/h3>\n\n\n\n<p>T&auml;ytt&auml;&auml; kriittiset saavutettavuusvaatimukset.<\/p>\n\n\n\n<p>Saavutettavuus on otettu huomioon sivustolla jo monelta osin eritt&auml;in hyvin. T&auml;m&auml; n&auml;kyy etenkin tekstien ja k&auml;ytt&ouml;liittym&auml;elementtien kontrasteissa, sivujen sis&auml;lt&ouml;jen HTML-rakenteissa.<\/p>\n\n\n\n<h2 class=\"wp-block-heading\">Verkkosivusto ei ole viel&auml; kaikilta osin vaatimusten mukainen<\/h2>\n\n\n\n<h3 class=\"wp-block-heading\">Puutteita videoiden saavutettavuudessa<\/h3>\n\n\n\n<p>Osalla sivuista on videoupotuksia, joista puuttuu kuvailutulkkaus.<\/p>\n\n\n\n<p>Saavutettavuusvaatimukset, jotka eiv&auml;t t&auml;yty: 1.2.3 Kuvailutulkkaus tai mediavastine (tallennettu) ja 1.2.5 Kuvailutulkkaus tai mediavastine (tallennettu).<\/p>\n\n\n\n<h2 class=\"wp-block-heading\">L&auml;het&auml; meille palautetta saavutettavuuspuutteista<\/h2>\n\n\n\n<p>Huomasitko saavutettavuuspuutteen digipalvelussamme? Kerro se meille ja teemme parhaamme puutteen korjaamiseksi.<\/p>\n\n\n\n<h3 class=\"wp-block-heading\">S&auml;hk&ouml;postilla<\/h3>\n\n\n\n<p>L&auml;het&auml; palaute osoitteeseen verkkosisallot(at)uniarts.fi. Vastaamme sinulle mahdollisimman pian.<\/p>\n\n\n\n<h2 class=\"wp-block-heading\">Valvontaviranomainen<\/h2>\n\n\n\n<p>Jos huomaat sivustolla saavutettavuusongelmia, anna ensin palautetta meille eli sivuston yll&auml;pit&auml;j&auml;lle. Vastauksessa voi menn&auml; 14 p&auml;iv&auml;&auml;. Jos et ole tyytyv&auml;inen saamaasi vastaukseen tai et saa vastausta lainkaan kahden viikon aikana, voit tehd&auml; ilmoituksen Liikenne- ja viestint&auml;virasto Traficomiin.<\/p>\n\n\n\n<h3 class=\"wp-block-heading\">Valvontaviranomaisen yhteystiedot<\/h3>\n\n\n\n<p>Liikenne- ja viestint&auml;virasto Traficom<br>Digitaalisen esteett&ouml;myyden ja saavutettavuuden valvontayksikk&ouml;<br>www.saavutettavuusvaatimukset.fi<br>saavutettavuus(at)traficom.fi<br>puhelinnumero vaihde 029 534 5000<\/p>\n","protected":false},"excerpt":{"rendered":"<p>T\u00e4m\u00e4 saavutettavuusseloste koskee actascenica.teak.fi\/makinen-mirva verkkosivustoa ja on laadittu 5.3.2026. Digipalvelun saavutettavuuden tila T\u00e4ytt\u00e4\u00e4 kriittiset saavutettavuusvaatimukset. [&hellip;]<\/p>\n","protected":false},"author":1,"featured_media":0,"parent":0,"menu_order":0,"comment_status":"closed","ping_status":"closed","template":"","meta":{"_acf_changed":false,"footnotes":""},"class_list":["post-2152","page","type-page","status-publish","hentry"],"acf":[],"_links":{"self":[{"href":"https:\/\/actascenica.teak.fi\/lahdenpera_soile\/wp-json\/wp\/v2\/pages\/2152","targetHints":{"allow":["GET"]}}],"collection":[{"href":"https:\/\/actascenica.teak.fi\/lahdenpera_soile\/wp-json\/wp\/v2\/pages"}],"about":[{"href":"https:\/\/actascenica.teak.fi\/lahdenpera_soile\/wp-json\/wp\/v2\/types\/page"}],"author":[{"embeddable":true,"href":"https:\/\/actascenica.teak.fi\/lahdenpera_soile\/wp-json\/wp\/v2\/users\/1"}],"replies":[{"embeddable":true,"href":"https:\/\/actascenica.teak.fi\/lahdenpera_soile\/wp-json\/wp\/v2\/comments?post=2152"}],"version-history":[{"count":1,"href":"https:\/\/actascenica.teak.fi\/lahdenpera_soile\/wp-json\/wp\/v2\/pages\/2152\/revisions"}],"predecessor-version":[{"id":2153,"href":"https:\/\/actascenica.teak.fi\/lahdenpera_soile\/wp-json\/wp\/v2\/pages\/2152\/revisions\/2153"}],"wp:attachment":[{"href":"https:\/\/actascenica.teak.fi\/lahdenpera_soile\/wp-json\/wp\/v2\/media?parent=2152"}],"curies":[{"name":"wp","href":"https:\/\/api.w.org\/{rel}","templated":true}]}}