{"id":292,"date":"2013-04-09T08:44:08","date_gmt":"2013-04-09T05:44:08","guid":{"rendered":"http:\/\/www.verkkovaikkari.com\/soile_lahdenpera_2013\/?page_id=292"},"modified":"2013-11-25T17:26:03","modified_gmt":"2013-11-25T14:26:03","slug":"2-alexander-tekniikka","status":"publish","type":"page","link":"https:\/\/actascenica.teak.fi\/lahdenpera_soile\/2-alexander-tekniikka\/","title":{"rendered":"<b>2<\/b> Alexander-tekniikka"},"content":{"rendered":"<blockquote><p>Olin k&auml;ynyt Alexander-tekniikan tunneilla kerran viikossa muutaman kuukauden ajan, kun sain vahvan kokemuksen Alexander-tekniikan mahdollisuuksista traumojen purkamisessa. Olin viimeist&auml; kertaa mukana Tanssiteatteri Hurjaruuthin Sirkus Marmara -esityksen kiertueella marraskuussa 1986, kun ajoimme keikka-auton kanssa tielt&auml; ja penkan kautta ymp&auml;ri mets&auml;&auml;n. Selvisimme s&auml;ik&auml;hdyksell&auml;, sill&auml; viidest&auml; autossa olleesta vain min&auml; ja tanssija Leena Porri jouduimme j&auml;&auml;m&auml;&auml;n sairaalaan tarkkailtavaksi onnettomuuden j&auml;lkeen. Leenalla oli reik&auml; keuhkossa ja meill&auml; molemmilla oli kylkiluita katkenneina sek&auml; lihasvammoja. En muista onnettomuudesta mit&auml;&auml;n, koska aivot&auml;r&auml;hdys vei muutaman tunnin muistikuvat, mutta kehoni ja lihaksistoni muistivat kokemuksen sit&auml;kin paremmin. Lihakseni olivat kirein&auml; ja suojautumismekanismit valppaina. Pienikin horjahtaminen liukkaalla kadulla aiheutti normaalia voimakkaamman suojautumistarpeen ja -&auml;rsykkeen, hartiat nousivat korviin ja painuin kumaraan. Alexander-tekniikka edisti n&auml;iden reaktioiden purkamista sek&auml; rintakeh&auml;n lihasten rev&auml;htymien paranemista. Palautuminen sek&auml; lihaksiston vammoista ett&auml; suojamekanismin yliherkkyydest&auml; tapahtui Alexander-tekniikan avulla h&auml;mm&auml;stytt&auml;v&auml;n nopeasti. Saatoin palata pian tanssiharjoituksiin ja onnettomuuden johdosta siirtyneen ensi-illan valmistamiseen.&nbsp;(Lahdenper&auml;, 22.9.2010, muistinvaraisesti)<\/p><\/blockquote>\n<p>Alexander-tekniikka sai alkunsa sen kehitt&auml;j&auml;n F. Matthias Alexanderin &auml;&auml;nenk&auml;yt&ouml;n ongelmista ja niiden ratkaisuyrityksist&auml;. H&auml;n ei varsinaisesti pyrkinyt luomaan uutta menetelm&auml;&auml; vaan etsi alkuun kokeilujensa ja tutkimuksen kautta apua omiin, n&auml;yttelij&auml;n- ja lausujanty&ouml;ns&auml; aikana ilmeneviin &auml;&auml;nenk&auml;yt&ouml;n ongelmiinsa. My&ouml;hemmin Alexanderin tekem&auml;t havainnot ja ongelmiin l&ouml;ytyneet keinot ovat olleet hy&ouml;dyksi my&ouml;s muille.<span class=\"alaviite\"><a class=\"glossaryLink cmtt_Alaviite\" aria-describedby=\"tt\" data-cmtooltip=\"&lt;div class=glossaryItemBody&gt;Muita henkil&ouml;kohtaisista kysymyksist&auml; ja ongelmista syntyneit&auml; menetelmi&auml; ovat mm. Todd alignment ja sen pohjalta syntynyt release-tekniikka sek&auml; Feldenkrais- ja Pilates-menetelm&auml;t. K&auml;sittelen n&auml;it&auml; tarkemmin johdantokappaleen somaattisten menetelmien osuudessa.&lt;\/div&gt;\" href=\"https:\/\/actascenica.teak.fi\/lahdenpera_soile\/glossary\/18-2\/\" data-mobile-support=\"0\" data-gt-translate-attributes='[{\"attribute\":\"data-cmtooltip\", \"format\":\"html\"}]' tabindex=\"0\" role=\"link\">(18)<\/a><\/span> Alexander-tekniikkaan sis&auml;ltyv&auml; oppimisk&auml;sitys poikkeaa monista yleisist&auml; oppimisk&auml;sityksist&auml;, jotka perustuvat tiedon ja taidon lis&auml;&auml;miselle ja joissa meilt&auml; usein odotetaan nopeita oppimistuloksia. Uuden oppiminen lis&auml;&auml; usein sit&auml; kuormitusta, jota meill&auml; on jo ennest&auml;&auml;n psykofyysisyydess&auml;mme tai, kuten Alexander sanoo, &rdquo;itsen k&auml;yt&ouml;ss&auml;mme&rdquo;. Alexanderin t&auml;rkein l&ouml;yt&ouml; oli poisoppimisessa eli haitallisen ja kuormittavan purkamisessa, mik&auml; avaa mahdollisuuden uusille ja vaihtoehtoisille ajattelun ja toiminnan tavoille. Kun tekniikka ja sen oppimisk&auml;sitys l&auml;vist&auml;v&auml;t ihmisen, se suorastaan kutsuu etsim&auml;&auml;n ja tutkimaan tekniikan erilaisia soveltamistapoja. Omalla kohdallani soveltaminen tuli aluksi tuon kolarista toipumisen j&auml;lkeen mahdolliseksi taiji&rsquo;ta (tai chi) ja kontakti-improvisaatiota tehdess&auml;ni, mutta suurimmat muutokset tekniikan vaikutuksista olen kokenut k&auml;sityksess&auml; itsest&auml;ni oppijana.<\/p>\n<p>Alexander-tekniikasta on kirjoitettu melko runsaasti. Alexanderin itsens&auml; kirjoittamaa nelj&auml;&auml; kirjaa, joita k&auml;yt&auml;n p&auml;&auml;l&auml;htein&auml;ni, avaan alaluvussa <a title=\"2.2 Alexander-tekniikan perusk&auml;sitteet\" href=\"https:\/\/actascenica.teak.fi\/lahdenpera_soile\/?page_id=336\">2.2<\/a> tarkemmin. Osassa menetelm&auml;&auml; k&auml;sitteleviss&auml; kirjoissa keskityt&auml;&auml;n tekniikan perusteisiin ja osassa lis&auml;ksi tekniikan soveltamiseen johonkin toimintaan kuten laulamiseen tai uimiseen. Esimerkkin&auml; mainittakoon Alexander-tekniikan ja laulun opettaja P&auml;ivi Sarasteen (2006) kirjoittama <em>Suuntana vapaus: Alexander-tekniikan perusajatuksia, Laulaminen ja &auml;&auml;nenk&auml;ytt&ouml; Alexander-tekniikan valossa<\/em>. Tieteellisi&auml; tutkimuksia aiheesta on sit&auml; vastoin v&auml;hemm&auml;n. Yksi t&auml;rke&auml;ksi osoittautunut artikkeli on Brithis Medical Journalissa julkaistu ns. &rdquo;selk&auml;tutkimus&rdquo;, &ldquo;<em>Randomised controlled trial of Alexander technique lessons, exercise, and massage (ATEAM) for chronic and recurrent back pain: economic evaluation<\/em>&rdquo; (<a class=\"glossaryLink cmtt_L&auml;hteet\" aria-describedby=\"tt\" data-cmtooltip=\"&lt;div class=glossaryItemBody&gt;Hollinghurst, Sandra &amp;amp;amp; Sharp, Debbie &amp;amp;amp; Ballard, Kathleen &amp;amp;amp; Barnet, Jane &amp;amp;amp; Beattie, Angela &amp;amp;amp; Evans, Maggie &amp;amp;amp; Lewith, George &amp;amp;amp; Middleton, Karen &amp;amp;amp; Oxford, Frances &amp;amp;amp; Webley, Fran &amp;amp;amp; Little, Paul. 2008.&nbsp;&amp;lt;em&amp;gt;Randomised controlled trial of Alexander technique lessons, exercise, and massage (ATEAM) for chronic and recurrent back pain: economic evaluation.&amp;lt;\/em&amp;gt;&nbsp;BMJ 2008;337:a2656 (British Medical Journal), 11 December 2008.&nbsp;&amp;lt;a href=&amp;quot;http:\/\/www.bmj.com\/cgi\/content\/full\/337\/dec11_2\/a2656&amp;quot; target=&amp;quot;_blank&amp;quot;&amp;gt;www.bmj.com\/cgi\/content\/full\/337\/dec11_2\/a2656&amp;lt;\/a&amp;gt;, (23.3.2012)&lt;\/div&gt;\" href=\"https:\/\/actascenica.teak.fi\/lahdenpera_soile\/glossary\/hollinghurst-et-al-2008\/\" data-mobile-support=\"0\" data-gt-translate-attributes='[{\"attribute\":\"data-cmtooltip\", \"format\":\"html\"}]' tabindex=\"0\" role=\"link\">Hollinghurst et al. 2008<\/a>). V&auml;it&ouml;skirjoja on niin ik&auml;&auml;n tehty menetelm&auml;n soveltamisesta erilaisiin toimintoihin kuten oppimiseen (Dimon 1987),&nbsp;urheiluun (Krim 1993) ja&nbsp;musiikkiin (Kaplan 1994 ja Englehart 1989) liittyen. Sara Fowler (1987) on tehnyt tanssia filosofisesti l&auml;hestyv&auml;n v&auml;it&ouml;skirjan, mutta muutoin tanssin tutkimukset Alexander-tekniikan soveltamisesta koskettavat p&auml;&auml;asiassa tanssin opettamista ja tanssijanty&ouml;t&auml; kuten k&auml;ytt&auml;m&auml;ni Oliverin (1994) tutkimus. Se k&auml;sittelee l&auml;nsimaisesta tanssijoiden koulutuksesta puuttuvaa tai siihen mahdollisesti sis&auml;ltyv&auml;&auml; kehon ja mielen yhteyden (body\/mind unity) tukemista. Ty&ouml;h&ouml;ni olen l&ouml;yt&auml;nyt avuksi muutamia Alexander-tekniikkaa tanssiin soveltavia artikkeleita (<a class=\"glossaryLink cmtt_L&auml;hteet\" aria-describedby=\"tt\" data-cmtooltip=\"&lt;div class=glossaryItemBody&gt;Fortin, Sylvie &amp;amp;amp; Long, Warwick &amp;amp;amp; Lord, Madeleine. 2002. &amp;quot;Three Voices: researching how somatic education informs contemporary dance technique classes.&rdquo; In&nbsp;&amp;lt;em&amp;gt;Research in Dance Education,&nbsp;&amp;lt;\/em&amp;gt;Vol. 3, No. 2, 155&ndash;179&amp;lt;em&amp;gt;.&amp;lt;\/em&amp;gt;&lt;\/div&gt;\" href=\"https:\/\/actascenica.teak.fi\/lahdenpera_soile\/glossary\/fortin-et-al-2002\/\" data-mobile-support=\"0\" data-gt-translate-attributes='[{\"attribute\":\"data-cmtooltip\", \"format\":\"html\"}]' tabindex=\"0\" role=\"link\">Fortin et al. 2002<\/a>, <a class=\"glossaryLink cmtt_L&auml;hteet\" aria-describedby=\"tt\" data-cmtooltip=\"&lt;div class=glossaryItemBody&gt;Harris, Christy. 1999. &amp;quot;The Influence of the Alexander Technique On Modern Dance Aesthetics.&rdquo;&nbsp;&amp;lt;em&amp;gt;ASAT News,&nbsp;&amp;lt;\/em&amp;gt;Issue 43, Winter, 1999, 22&ndash;24.&lt;\/div&gt;\" href=\"https:\/\/actascenica.teak.fi\/lahdenpera_soile\/glossary\/harris-1999\/\" data-mobile-support=\"0\" data-gt-translate-attributes='[{\"attribute\":\"data-cmtooltip\", \"format\":\"html\"}]' tabindex=\"0\" role=\"link\">Harris 1999<\/a>, <a class=\"glossaryLink cmtt_L&auml;hteet\" aria-describedby=\"tt\" data-cmtooltip=\"&lt;div class=glossaryItemBody&gt;Nettl-Fiol, Rebecca. 2008 (2003). &rdquo;Somatics: An Interview with Martha Myers.&rdquo; In Melanie Bales and Rebecca Nettl-Fiol (ed.).&nbsp;&amp;lt;em&amp;gt;The body eclectic: evolving practices in dance training.&amp;lt;\/em&amp;gt;&nbsp;Urbana and Chicago: University of Illinois Press, 89&ndash;100.&lt;\/div&gt;\" href=\"https:\/\/actascenica.teak.fi\/lahdenpera_soile\/glossary\/nettl-fiol-2008\/\" data-mobile-support=\"0\" data-gt-translate-attributes='[{\"attribute\":\"data-cmtooltip\", \"format\":\"html\"}]' tabindex=\"0\" role=\"link\">Nettl-Fiol 2008<\/a>), mutta erityisesti koreografin ty&ouml;h&ouml;n liittyvi&auml; tutkimuksia en ole l&ouml;yt&auml;nyt.<\/p>\n<p>Tutkimustekstiss&auml;ni k&auml;yt&auml;n sek&auml; k&auml;sitett&auml; <em>tekniikka<\/em> ett&auml; <em>menetelm&auml;<\/em>, ja perusteluna on se, miten ne kulloinkin liittyv&auml;t asiaan, ja se, miten Alexander on niit&auml; eri aikoina k&auml;ytt&auml;nyt. Alexanderin vuonna 1907 kirjoittamassa pamfletissa otsikkona on <i>&ldquo;<\/i><em>The Theory and Practice of a New Method of Respiratory Re-Education<\/em><i>&rdquo; <\/i>(<a class=\"glossaryLink cmtt_L&auml;hteet\" aria-describedby=\"tt\" data-cmtooltip=\"&lt;div class=glossaryItemBody&gt;Alexander, F. Matthias. 1995.&nbsp;&amp;lt;em&amp;gt;Articles and Lectures.&amp;lt;\/em&amp;gt;&nbsp;London: Mouritz Ltd.&lt;\/div&gt;\" href=\"https:\/\/actascenica.teak.fi\/lahdenpera_soile\/glossary\/alexander-1995\/\" data-mobile-support=\"0\" data-gt-translate-attributes='[{\"attribute\":\"data-cmtooltip\", \"format\":\"html\"}]' tabindex=\"0\" role=\"link\">Alexander 1995<\/a>, 51&ndash;66). Usein h&auml;n k&auml;ytti vain sanaa Ty&ouml; (Work), mutta p&auml;&auml;tyi kuitenkin 1920-luvulta l&auml;htien k&auml;ytt&auml;m&auml;&auml;n ty&ouml;st&auml;&auml;n p&auml;&auml;asiassa tekniikka-sanaa<\/p>\n<div id=\"attachment_261\" style=\"width: 317px\" class=\"wp-caption alignnone\"><img aria-describedby=\"caption-attachment-261\" loading=\"lazy\" class=\"size-full wp-image-261 \" alt=\"Photograph of F. M. Alexander [&copy; 2013 The Society of Teachers of the Alexander Technique, London]\" src=\"https:\/\/actascenica.teak.fi\/lahdenpera_soile\/wp-content\/uploads\/sites\/2\/2013\/04\/fm247.jpg\" width=\"307\" height=\"550\" srcset=\"https:\/\/actascenica.teak.fi\/lahdenpera_soile\/wp-content\/uploads\/2013\/04\/fm247.jpg 307w, https:\/\/actascenica.teak.fi\/lahdenpera_soile\/wp-content\/uploads\/2013\/04\/fm247-167x300.jpg 167w\" sizes=\"(max-width: 307px) 100vw, 307px\"\/><p id=\"caption-attachment-261\" class=\"wp-caption-text\">F. M. Alexander [&copy; 2013 The Society of Teachers of the Alexander Technique, London]<\/p><\/div>\n<div class=\"viitteet\">18) Muita henkil&ouml;kohtaisista kysymyksist&auml; ja ongelmista syntyneit&auml; menetelmi&auml; ovat mm. Todd alignment ja sen pohjalta syntynyt release-tekniikka sek&auml; Feldenkrais- ja Pilates-menetelm&auml;t. K&auml;sittelen n&auml;it&auml; tarkemmin johdantokappaleen somaattisten menetelmien osuudessa.<\/div>","protected":false},"excerpt":{"rendered":"<p>Olin k\u00e4ynyt Alexander-tekniikan tunneilla kerran viikossa muutaman kuukauden ajan, kun sain vahvan kokemuksen Alexander-tekniikan mahdollisuuksista traumojen purkamisessa. Olin viimeist\u00e4 kertaa mukana Tanssiteatteri Hurjaruuthin Sirkus Marmara -esityksen kiertueella marraskuussa 1986, kun ajoimme keikka-auton kanssa tielt\u00e4 ja penkan kautta ymp\u00e4ri mets\u00e4\u00e4n. Selvisimme s\u00e4ik\u00e4hdyksell\u00e4, sill\u00e4 viidest\u00e4 autossa olleesta vain min\u00e4 ja tanssija Leena Porri jouduimme j\u00e4\u00e4m\u00e4\u00e4n sairaalaan tarkkailtavaksi [&#8230;]<\/p>\n","protected":false},"author":2,"featured_media":0,"parent":0,"menu_order":1,"comment_status":"open","ping_status":"closed","template":"","meta":[],"_links":{"self":[{"href":"https:\/\/actascenica.teak.fi\/lahdenpera_soile\/wp-json\/wp\/v2\/pages\/292"}],"collection":[{"href":"https:\/\/actascenica.teak.fi\/lahdenpera_soile\/wp-json\/wp\/v2\/pages"}],"about":[{"href":"https:\/\/actascenica.teak.fi\/lahdenpera_soile\/wp-json\/wp\/v2\/types\/page"}],"author":[{"embeddable":true,"href":"https:\/\/actascenica.teak.fi\/lahdenpera_soile\/wp-json\/wp\/v2\/users\/2"}],"replies":[{"embeddable":true,"href":"https:\/\/actascenica.teak.fi\/lahdenpera_soile\/wp-json\/wp\/v2\/comments?post=292"}],"version-history":[{"count":10,"href":"https:\/\/actascenica.teak.fi\/lahdenpera_soile\/wp-json\/wp\/v2\/pages\/292\/revisions"}],"predecessor-version":[{"id":1724,"href":"https:\/\/actascenica.teak.fi\/lahdenpera_soile\/wp-json\/wp\/v2\/pages\/292\/revisions\/1724"}],"wp:attachment":[{"href":"https:\/\/actascenica.teak.fi\/lahdenpera_soile\/wp-json\/wp\/v2\/media?parent=292"}],"curies":[{"name":"wp","href":"https:\/\/api.w.org\/{rel}","templated":true}]}}