{"id":633,"date":"2013-05-21T21:28:46","date_gmt":"2013-05-21T18:28:46","guid":{"rendered":"http:\/\/www.verkkovaikkari.com\/lahdenpera_soile\/?page_id=633"},"modified":"2017-07-04T17:13:20","modified_gmt":"2017-07-04T14:13:20","slug":"4-1-tutkimuskysymysten-kautta-syntyneita-oivalluksia","status":"publish","type":"page","link":"https:\/\/actascenica.teak.fi\/lahdenpera_soile\/4-1-tutkimuskysymysten-kautta-syntyneita-oivalluksia\/","title":{"rendered":"<em>4.1<\/em> Tutkimuskysymysten kautta syntyneit\u00e4 oivalluksia"},"content":{"rendered":"<p><strong>Ensimm&auml;inen tutkimuskysymykseni Alexander-tekniikan soveltamisesta koreografiseen prosessiini<\/strong> on sik&auml;li hankala, ett&auml; k&auml;yt&auml;n Alexanderin kehitt&auml;m&auml;&auml; menetelm&auml;&auml; el&auml;m&auml;ss&auml;ni laajemmin kuin vain koreografin ty&ouml;h&ouml;ni liittyen. Alexander-tekniikka on minulle j&auml;rkev&ouml;itt&auml;misen v&auml;line silloin, kun tunteet ja tulkinnat tulevat esteeksi n&auml;hd&auml; tilanne ja sen mahdollisuudet. Tekniikan avulla harjoitan tietoista itsen k&auml;ytt&ouml;&auml; ja se mahdollistaa havainnoivan l&auml;sn&auml;olon t&auml;ss&auml; hetkess&auml;. N&auml;in olen sit&auml; tietysti k&auml;ytt&auml;nyt my&ouml;s koreografin ty&ouml;ss&auml;ni. Ensisijaiseksi kysymykseksi onkin noussut, miten ja millaisia keinoja olen onnistunut tutkimukseni my&ouml;t&auml; kehitt&auml;m&auml;&auml;n Alexander-tekniikan v&auml;litt&auml;miseksi esiintyjien k&auml;ytt&ouml;&ouml;n.<\/p>\n<p>Sovittaessani Hayn antamaa koreografista materiaalia itselleni sooloksi, tarvitsin enemm&auml;n omakohtaista Alexander-tekniikan harjoittamista kuin tehdess&auml;ni koreografin ty&ouml;t&auml; tanssijoiden ja muusikoiden kanssa. K&auml;ytin paljon aktiivista lepoasentoa muistuttaen itse&auml;ni inhibition ja suuntausten k&auml;yt&ouml;st&auml; silloin, kun yksin tekemisen aiheuttama ahdistus esti ty&ouml;ntekoa. T&auml;ll&auml; keinolla p&auml;&auml;sin taas l&auml;hemm&auml;s nyt-hetkess&auml; olemista. Alexander-tekniikan avulla p&auml;&auml;sin my&ouml;s l&auml;hemm&auml;s Hayn havainnon harjoitusta, joten ne palvelivat v&auml;hitellen toisiaan.<\/p>\n<p><strong>Millaisia keinoja k&auml;ytin Alexander-tekniikan tuomiseksi esiintyjien k&auml;ytt&ouml;&ouml;n?<\/strong> Alexander-tekniikan v&auml;litt&auml;minen esiintyjille on tapahtunut sek&auml; ryhm&auml;tilanteessa ett&auml; yksityistunteina. Se on ollut mukana harjoitusprosesseissa ohjauspuheessani kaikissa tutkimuksen kolmessa koreografin ty&ouml;ss&auml;ni. Yksityistunnit tulivat osaksi harjoitusprosessia toisen tutkimusty&ouml;n puoliv&auml;liss&auml; eli <em>NYT &ndash; hetken koreografiaa<\/em> -projektin harjoitusvaiheessa ja olivat osa viimeisen tutkimusty&ouml;n, <em>Terraarion<\/em> prosessia. Viimeisess&auml; ty&ouml;ss&auml; mukana olleista nelj&auml;st&auml; tanssijasta kolme oli osallistunut my&ouml;s tutkimuksen edellisiin t&ouml;ihin, ja ohjauspuheeni vaikutus vei mielest&auml;ni antamani informaation syvemm&auml;lle tanssijoiden ty&ouml;h&ouml;n.<\/p>\n<p>Tutkimusprosessin alussa toimin kuten olin muutamassa edellisess&auml; ty&ouml;ss&auml;ni tehnyt eli esittelin Alexander-tekniikan ajattelua ja kokeilimme sen soveltamista yksinkertaisiin toimintoihin, kuten k&auml;velyyn tai konttaamiseen. T&auml;rke&auml;ksi &rdquo;harjoitteeksi&rdquo; on noussut kysymys: <em>Mit&auml; tapahtuu ennen kuin jotain tapahtuu?<\/em> Se on ollut merkitt&auml;v&auml; v&auml;line tulla nyt-hetkeen. Kysymys avaa mahdollisuuden inhibition k&auml;ytt&auml;miseen, se herkist&auml;&auml; tiedostamaan niit&auml; reaktiota, joita toiminnan k&auml;ynnistyminen aiheuttaa.<\/p>\n<p>Alexander-tekniikan k&auml;yt&ouml;n haltuunotto ei tuntunut kuitenkaan riitt&auml;v&auml;lt&auml; harjoiteltaessa sit&auml; ryhm&auml;tilanteessa. Puolessav&auml;liss&auml; toista tutkimusprojektia, <em>Hetken koreografiaa<\/em>, halusin kokeilla tekniikan perinteist&auml; opetusmallia eli yksityistuntien antamista esiintyjille. Viimeisen tutkimusprosessin esityksiin menness&auml; tanssijat olivat saaneet seitsem&auml;st&auml; kahteenkymmeneenkolmeen yksityistuntia sek&auml; ryhm&auml;ss&auml; tapahtuneita tekniikan soveltamiseen keskittyneit&auml; harjoitusjaksoja. N&auml;en t&auml;ll&auml; olleen suuren vaikutuksen <em>Terraarion<\/em> luonteeseen esityshetkess&auml; koreografioituna teoksena.<\/p>\n<p><strong>Miten Alexander-tekniikan soveltaminen tutkimusprosessissa on vaikuttanut ty&ouml;tapaani koreografina?<\/strong> Muutos koostuu aina useista tekij&ouml;ist&auml;. On vaikea sanoa tarkalleen mik&auml; on vaikuttanut mihin, mutta suurimman muutoksen olen kokenut suhteessani koreografin ty&ouml;h&ouml;n. N&auml;en Alexander-tekniikan soveltamisen niin omassani kuin esiintyjien ty&ouml;ss&auml; olevan suuressa osassa t&auml;t&auml; muutosta. Alexander-tekniikassa yksil&ouml;n vastuu itsest&auml;&auml;n on ensisijainen ajatus. Tilanteessa, jossa taiteellisen ryhm&auml;n j&auml;senet ovat sitoutuneet yhteisty&ouml;h&ouml;n, vastuu itsest&auml; antaa mahdollisuuden siihen, ett&auml; jokainen j&auml;sen voi v&auml;hitellen luottaa vastuun jakautumiseen kaikkien kesken. Improvisaatio harjoitus- ja esitysmuotona sis&auml;lt&auml;&auml; my&ouml;s tiedostamiseen herkistymisen ja vastuun jakamisen. Alexander-tekniikan harjoittaminen vaatii luopumista totutusta toimintatavasta tai tutusta tuntemuksesta. Koreografina olen tutkimusprosessin kuluessa luopunut &rdquo;m&auml;&auml;r&auml;&auml;v&auml;st&auml;&rdquo; koreografin otteesta. En v&auml;it&auml;, ett&auml; n&auml;in pit&auml;isi tehd&auml; tai ett&auml; v&auml;ltt&auml;m&auml;tt&auml; tekisin jatkossa aina n&auml;in itsek&auml;&auml;n, mutta t&auml;ss&auml; prosessissa se on ollut merkitt&auml;v&auml; asia.<\/p>\n<p>Sill&auml;, ett&auml; suhtauduin tutkimuksen alussa koreografiaan ja improvisaatioon jokseenkin erillisin&auml; asioina, on ollut merkityst&auml; tutkimusprosessissa tapahtuneeseen muutokseen. Viel&auml; vuonna 2003 tehdess&auml;ni ensimm&auml;ist&auml; taiteellista osaa, <em>Aavaa<\/em>, k&auml;ytin improvisaatiota materiaalin etsinn&auml;ss&auml;, mutta harjoitusten my&ouml;t&auml; l&ouml;ydetty liikemateriaali v&auml;hitellen asettui toistettavaan muotoon. Suurimmassa osassa koreografian rakennetta esiintyjill&auml; oli vapauksia liiketeemojen tai -materiaalien ajoituksen, tilaan sijoittumisen tai laadun suhteen, mutta muuten teoksen kohtaukset olivat aina samassa j&auml;rjestyksess&auml; ja suunnilleen samanpituisia. Muusikot olivat rakentaneet musiikin samalla periaatteella kuin koreografia oli tehty ja he olivat itse esityksess&auml; mukana niin soittajina kuin esiintyjin&auml;. En ollut valmis antamaan isompaa vapautta esiintyjien omille valinnoille.<\/p>\n<p>Tutkimuksen taiteellisten t&ouml;iden my&ouml;t&auml; olen siirtynyt l&auml;hemm&auml;ksi esityksen hetkess&auml; tapahtuvaa koreografian luomista, jolloin koko harjoitusprosessi on saanut uuden merkityksen ja tanssijan rooli koreografian ty&ouml;st&auml;misess&auml; on my&ouml;s vahvasti muuttunut. Kyse ei kuitenkaan ole siirtymisest&auml; improvisoituun esitykseen siin&auml; merkityksess&auml;, ett&auml; tanssijat voisivat tehd&auml; mit&auml; vain esityksen hetkess&auml;. Yhteinen ty&ouml;skentelyprosessi on t&auml;ss&auml; ty&ouml;tavassa ehdottoman t&auml;rke&auml;. Se luo koreografian s&auml;&auml;nn&ouml;st&ouml;n, liikkumatilan ja yhteisen mielen. Alexander-tekniikalla on ollut osuutensa siin&auml;, ett&auml; kykenin luopumaan &rdquo;m&auml;&auml;r&auml;&auml;v&auml;st&auml;&rdquo; koreografin otteestani.<\/p>\n<p><strong>Alexander-tekniikan k&auml;yt&ouml;ll&auml; on ollut taiteellisten t&ouml;iden prosesseihin<\/strong> suuri vaikutus. Se on ollut luomassa henkil&ouml;kohtaisten merkitysten lis&auml;ksi nimenomaan yhteist&auml; mielt&auml;, asennetta tai ajattelutapaa ty&ouml;ryhm&auml;n j&auml;senten v&auml;lill&auml;. Ohjauspuheeni pohjautuu Alexander-tekniikan asenteelle, ja esiintyjien tutustuessa tekniikkaan my&ouml;s ohjauspuheeni saa syvemm&auml;n merkityksen. <em>Hetken koreografiaa<\/em> -projektin ensimm&auml;isen vaiheen j&auml;lkeen kolme tanssijaa vastasi kysymyksiini Alexander-tekniikan vaikutuksesta. Kaikille oli ollut mahdollista soveltaa&nbsp;Alexander-tekniikkaa niin esitysten yhteydess&auml; kuin my&ouml;s muualla arjessaan. T&auml;m&auml; oli minusta rohkaisevaa, sill&auml; olimme tuolloin tehneet Alexander-tekniikkaa vain ryhm&auml;tilanteessa. Kaikilla oli tosin hiukan kokemusta aiheesta ennen projektin alkua. Viimeisen taiteellisen ty&ouml;n, <em>Terraarion<\/em>, j&auml;lkeisess&auml; palautteessa tanssijat kertovat Alexander-tekniikan lis&auml;nneen kehotietoisuutta (body knowledge) ja tietoisuutta omista valinnoista, omasta tilasta sek&auml; suhteesta muihin. (Ks. luvut <a title=\"3.4.2 Alexander-tekniikan k&auml;ytt&ouml; Terraarion prosessissa\" href=\"https:\/\/actascenica.teak.fi\/lahdenpera_soile\/?p=66\">3.4.2<\/a> ja <a title=\"3.4.6 Arviointi Terraarion prosessista\" href=\"https:\/\/actascenica.teak.fi\/lahdenpera_soile\/?p=58\">3.4.6<\/a>)<\/p>\n<p><strong>Onko Alexander-tekniikan k&auml;ytt&auml;minen lis&auml;nnyt etsim&auml;&auml;ni dialogisuutta ja vuorovaikutuksen sujuvuutta tekij&ouml;iden kesken?<\/strong> Ensimm&auml;isen taiteellisen prosessin, <em>Aavan<\/em> aikana dialoginen ty&ouml;skentely haki viel&auml; muotoaan. Min&auml; en ollut valmis antamaan tanssijoille suurempaa vastuuta koreografian luomisessa. Halusin pit&auml;&auml; langat k&auml;siss&auml;ni. Toisen taiteellisen prosessin aikana dialogisuus lis&auml;&auml;ntyi. Se johtui osittain Alexander-tekniikan yksityistuntien mukaantulosta harjoitusprosessiin ja osittain varmasti pitk&auml;st&auml; yhteisest&auml; kokemusmaailmastamme Suomussalmiryhm&auml;n j&auml;senten kesken. Koen Alexander-tekniikan yksityistunnit hyv&auml;n&auml; paikkana luoda henkil&ouml;kohtaisempaa suhdetta tanssijan kanssa. Kahden kesken oleminen, vaikka min&auml; olenkin opettajana tilanteessa, auttaa avaamaan keskusteluyhteyden eri tavalla kuin ryhm&auml;tilanne. Nelj&auml;nness&auml; taiteellisessa produktiossa, <em>Terraariossa<\/em>, koin suurta vapautta ja lukuisia ahaa-el&auml;myksi&auml;, kun huomasin ty&ouml;skentelyn johtaneen todelliseen dialogiin tanssijoiden kanssa, muuttuneen sellaiseksi. Teos voitiin j&auml;tt&auml;&auml; rakenteeltaan t&auml;ysin avoimeksi ja ennalta m&auml;&auml;rittelem&auml;tt&ouml;m&auml;ksi, tai pikemminkin harjoitusprosessi kokonaisuudessaan toimi teoksen rakenteena. Tanssijat koreografioivat esityksen joka ilta uudeksi. Olimme harjoitelleet itsen k&auml;yt&ouml;n keinoja sek&auml; tanssin tekemisen menetelmi&auml;, ja tanssijat tekiv&auml;t omia valintojaan koreografian luomiseksi nyt-hetkess&auml;.<\/p>","protected":false},"excerpt":{"rendered":"<p>Ensimm\u00e4inen tutkimuskysymykseni Alexander-tekniikan soveltamisesta koreografiseen prosessiini on sik\u00e4li hankala, ett\u00e4 k\u00e4yt\u00e4n Alexanderin kehitt\u00e4m\u00e4\u00e4 menetelm\u00e4\u00e4 el\u00e4m\u00e4ss\u00e4ni laajemmin kuin vain koreografin ty\u00f6h\u00f6ni liittyen. Alexander-tekniikka on minulle j\u00e4rkev\u00f6itt\u00e4misen v\u00e4line silloin, kun tunteet ja tulkinnat tulevat esteeksi n\u00e4hd\u00e4 tilanne ja sen mahdollisuudet. Tekniikan avulla harjoitan tietoista itsen k\u00e4ytt\u00f6\u00e4 ja se mahdollistaa havainnoivan l\u00e4sn\u00e4olon t\u00e4ss\u00e4 hetkess\u00e4. N\u00e4in olen sit\u00e4 tietysti [&#8230;]<\/p>\n","protected":false},"author":2,"featured_media":0,"parent":0,"menu_order":0,"comment_status":"closed","ping_status":"closed","template":"","meta":[],"_links":{"self":[{"href":"https:\/\/actascenica.teak.fi\/lahdenpera_soile\/wp-json\/wp\/v2\/pages\/633"}],"collection":[{"href":"https:\/\/actascenica.teak.fi\/lahdenpera_soile\/wp-json\/wp\/v2\/pages"}],"about":[{"href":"https:\/\/actascenica.teak.fi\/lahdenpera_soile\/wp-json\/wp\/v2\/types\/page"}],"author":[{"embeddable":true,"href":"https:\/\/actascenica.teak.fi\/lahdenpera_soile\/wp-json\/wp\/v2\/users\/2"}],"replies":[{"embeddable":true,"href":"https:\/\/actascenica.teak.fi\/lahdenpera_soile\/wp-json\/wp\/v2\/comments?post=633"}],"version-history":[{"count":7,"href":"https:\/\/actascenica.teak.fi\/lahdenpera_soile\/wp-json\/wp\/v2\/pages\/633\/revisions"}],"predecessor-version":[{"id":1838,"href":"https:\/\/actascenica.teak.fi\/lahdenpera_soile\/wp-json\/wp\/v2\/pages\/633\/revisions\/1838"}],"wp:attachment":[{"href":"https:\/\/actascenica.teak.fi\/lahdenpera_soile\/wp-json\/wp\/v2\/media?parent=633"}],"curies":[{"name":"wp","href":"https:\/\/api.w.org\/{rel}","templated":true}]}}